t u(n) = -7*n + 4. Determine u(2).
-10
Let z(y) = -50*y**2 - 3*y + 2. Give z(1).
-51
Let x(h) = 2*h**3 - 3*h - 1. What is x(2)?
9
Let g(o) = -o**3 + 12*o**2 + o + 4. What is g(12)?
16
Let g(k) = -k**3 + 34*k**2 - 63*k - 9. What is g(32)?
23
Let n(q) = -2*q**2 - q - 3. Calculate n(3).
-24
Let i(b) = -5*b**3 - b**2 + 5*b - 5. Determine i(2).
-39
Let z(o) = 6*o + 1. Calculate z(-4).
-23
Let r(i) = -3*i**2 + 5*i - 11. Calculate r(3).
-23
Let y(p) = p**2 + 9*p - 7. Give y(-10).
3
Let g(p) = p**2 - 24*p + 125. Determine g(7).
6
Let o(b) = 19*b - 575. What is o(31)?
14
Let t(w) = 2*w**2 - 6*w - 4. Determine t(-1).
4
Let b(z) = -z + 6. Give b(10).
-4
Let q(l) = -6*l + 7. Give q(5).
-23
Let n(r) = -r**2 - 12*r - 18. Determine n(-11).
-7
Let r(y) = y**3 - 2*y - 42. What is r(0)?
-42
Let j(g) = -g**2 - 15*g - 39. Determine j(-14).
-25
Let u(z) = -2*z**2 - 15*z - 13. Give u(-7).
-6
Let s(y) = 7*y**2 + 2*y - 2. Give s(2).
30
Let l(y) = -y**3 + 5*y**2 + 11*y + 14. Calculate l(7).
-7
Let w(x) = 5*x - 17. What is w(2)?
-7
Let r(u) = -u**2 - 31*u - 108. What is r(-4)?
0
Let b(j) = j**3 + 10*j**2 - 3*j - 14. What is b(-10)?
16
Let j(p) = -p**3 - 16*p**2 + 17*p + 4. Calculate j(-17).
4
Let i(x) = 2*x**2 + 26*x + 22. Give i(-12).
-2
Let y(q) = -q**3 - 2*q**2 + q + 10. What is y(-4)?
38
Let l(t) = -t**2 - t + 1. Determine l(-5).
-19
Let a(x) = -x**3 + 13*x**2 + 14*x - 5. Calculate a(14).
-5
Let c(y) = 10*y - 22. Give c(6).
38
Let s(n) = -n**3 - 3*n**2 - 6*n - 72. Give s(-5).
8
Let k(b) = b**3 - 9*b**2 + 8*b - 7. What is k(8)?
-7
Let j(r) = -7*r + 25. What is j(5)?
-10
Let b(h) = -h**2 - 5*h + 7. Calculate b(-5).
7
Let c(p) = 3*p**2 + 13*p - 7. What is c(-5)?
3
Let d(l) = -3*l**3 + 7*l + 16. Give d(-3).
76
Let q(r) = 2*r - 38. Determine q(19).
0
Let l(u) = 6*u + 3. Calculate l(-3).
-15
Let b(c) = 4*c - 7. Calculate b(3).
5
Let m(g) = -3*g - 49. Calculate m(-18).
5
Let y(q) = q**3 - 8*q**2 + 9*q + 12. Determine y(6).
-6
Let r(l) = 3*l + 8. Calculate r(-15).
-37
Let r(j) = -j**2 - 13*j - 14. Determine r(-10).
16
Let i(u) = -u**3 - 9*u**2 + 2*u + 66. Calculate i(-8).
-14
Let w(u) = -u**3 + 5*u**2 + 7*u. Give w(6).
6
Let s(v) = 2*v**3 + 43*v**2 - 23*v - 34. Calculate s(-22).
-12
Let k(d) = -2*d**2 + 62*d - 63. What is k(30)?
-3
Let u(c) = c + 30. Calculate u(15).
45
Let b(l) = l + 1. Give b(-12).
-11
Let w(l) = -l**2 - 20*l - 47. Give w(-17).
4
Let k(v) = 2*v**3 - 33*v**2 - 17*v - 5. What is k(17)?
-5
Let h(x) = -x**2 + 16*x - 25. Give h(12).
23
Let n(y) = -y**3 - 6*y**2 + 3*y - 22. Give n(-7).
6
Let g(z) = z**2 - 4*z + 4. Determine g(4).
4
Let k(j) = -15*j**2 - 13*j - 12. Determine k(-2).
-46
Let s(q) = -q**2 + 16*q + 4. What is s(17)?
-13
Let s(x) = -x**2 - 8*x - 15. Give s(-10).
-35
Let c(a) = -4*a + 2. What is c(-4)?
18
Let w(s) = -s**3 - 10*s**2 - 10*s - 13. Calculate w(-9).
-4
Let k(n) = n**2 + 3*n - 3. What is k(-10)?
67
Let a(i) = i - 1. Determine a(4).
3
Let p(m) = -m**3 - 15*m**2 - 17*m + 12. Calculate p(-14).
54
Let c(q) = -7*q**3 + 3*q**2 + 3*q - 2. What is c(-2)?
60
Let h(o) = -o**3 + 9*o**2 - 3*o + 20. What is h(9)?
-7
Let y(z) = 6*z + 17. Calculate y(-2).
5
Let t(f) = 3*f + 59. What is t(-17)?
8
Let m(s) = s**3 - 15*s**2 - 2*s + 20. Calculate m(15).
-10
Let n(d) = -d**3 - 7*d**2 - 8*d - 9. Determine n(-6).
3
Let r(b) = -b + 9. Give r(15).
-6
Let a(v) = 3*v + 9. What is a(-4)?
-3
Let n(j) = -2*j**3 - 5*j**2 + 3*j + 3. Give n(-4).
39
Let g(x) = 6*x + 18. What is g(-2)?
6
Let s(q) = q - 8. Give s(2).
-6
Let k(p) = 11*p + 201. Calculate k(-18).
3
Let u(m) = 68*m**3 - m**2 - m + 1. Determine u(-1).
-67
Let a(u) = -u**2 - 209*u + 2188. Give a(10).
-2
Let j(w) = -w**2 - 5*w + 26. What is j(-6)?
20
Let z(m) = -m**2 - 17*m - 8. Give z(-16).
8
Let h(n) = n**3 - 3*n**2 + 2. Calculate h(2).
-2
Let h(s) = -10*s - 51. What is h(-6)?
9
Let f(l) = -2*l**3 + 4*l**2 + 3*l + 4. What is f(3)?
-5
Let b(v) = -2*v**2 + 29. What is b(5)?
-21
Let t(l) = -l**3 + 14*l**2 + 15*l - 1. Calculate t(15).
-1
Let p(q) = 2*q - 24. Calculate p(0).
-24
Let u(l) = -10*l - 3. Determine u(-4).
37
Let m(b) = b + 4. Determine m(2).
6
Let y(a) = 3*a - 10. Calculate y(0).
-10
Let s(l) = l**3 + 3*l**2 + 20*l + 35. Give s(-2).
-1
Let b(v) = 3*v**2 + 3*v + 2. Give b(-3).
20
Let p(i) = 2*i + 116. What is p(0)?
116
Let l(y) = 7*y + 84. Give l(-8).
28
Let m(y) = -4*y - 19. What is m(-10)?
21
Let p(r) = r**2 + 15*r - 17. Determine p(-15).
-17
Let c(r) = -2*r**2 - r + 18. Calculate c(0).
18
Let x(o) = 16*o - 21. Give x(5).
59
Let h(j) = 3*j**2 - 14*j - 30. Give h(6).
-6
Let m(l) = -10*l - 9. What is m(5)?
-59
Let d(j) = 4*j + 67. Calculate d(-17).
-1
Let m(r) = -21*r + 55. Determine m(3).
-8
Let j(g) = -g - 1. Calculate j(-5).
4
Let x(r) = 24*r + 11. What is x(-1)?
-13
Let k(s) = -121*s + 112. Calculate k(1).
-9
Let j(z) = 5*z - 6. Calculate j(-8).
-46
Let r(s) = s**3 + 12*s**2 + 11*s + 2. Give r(-11).
2
Let s(v) = 3*v - 17. Calculate s(7).
4
Let m(z) = 4*z**3 + 3*z**2 - 3*z + 5. What is m(2)?
43
Let m(k) = k**2 - 9*k + 5. Give m(6).
-13
Let l(v) = -v**2 - 2*v + 3. Calculate l(-3).
0
Let w(t) = -t**3 - 12*t**2 + 30*t - 9. Give w(-14).
-37
Let i(m) = 6*m. Give i(5).
30
Let v(q) = q**2 + 13*q - 269. Calculate v(11).
-5
Let p(i) = i - 2. What is p(-9)?
-11
Let k(q) = -q - 2. Calculate k(-4).
2
Let n(c) = c**2 + 14*c - 7. Calculate n(-18).
65
Let b(k) = k**2 - 11*k - 3. Determine b(12).
9
Let a(j) = 3*j + 6. Calculate a(-1).
3
Let z(b) = 2*b + 3. Calculate z(0).
3
Let t(q) = -2*q + 10. Give t(6).
-2
Let a(d) = d**2 - 18*d + 1. Calculate a(17).
-16
Let m(q) = -q**3 + 4*q**2 + 5*q - 5. Calculate m(5).
-5
Let n(h) = 13*h - 13. What is n(-4)?
-65
Let v(x) = x**2 + 5*x. What is v(-5)?
0
Let p(v) = v**2 - 10*v - 11. Calculate p(8).
-27
Let j(b) = 5*b + 9. Give j(-4).
-11
Let r(v) = 51*v + 163. Calculate r(-3).
10
Let j(a) = a**3 - 12*a**2 + 12*a - 10. Calculate j(11).
1
Let c(k) = 2*k**3 - 12*k**2 + 11*k - 1. Determine c(5).
4
Let h(u) = -u**3 + 7*u**2 + 10*u - 17. Determine h(8).
-1
Let o(m) = -m**3 - 9*m**2 + 9*m - 17. Determine o(-10).
-7
Let k(q) = 7*q + 49. Determine k(-8).
-7
Let d(f) = -f**3 + 9*f**2 - 4*f - 13. Calculate d(8).
19
Let y(n) = n**3 - 9*n**2 - 5*n - 6. What is y(10)?
44
Let n(v) = -v**3 - v**2 + 10*v - 10. Calculate n(4).
-50
Let m(b) = b**3 + 17*b**2 + 2*b + 7. Calculate m(-17).
-27
Let s(b) = b**3 - 5*b**2 + 3*b - 9. Give s(4).
-13
Let o(y) = -5*y - 6. Calculate o(-5).
19
Let s(q) = 4*q**2 - 67*q - 31. Calculate s(17).
-14
Let u(s) = 9*s - 19. Calculate u(9).
62
Let o(z) = -z**2 - 8*z + 5. Give o(-7).
12
Let i(n) = 5*n**2 - 6*n + 4. Give i(3).
31
Let k(m) = -3*m**2 - 2*m + 1. Determine k(-2).
-7
Let v(i) = -i**3 - 4*i**2 + 19*i - 3. Calculate v(-7).
11
Let y(d) = -d**3 - d - 1. Calculate y(2).
-11
Let f(l) = -5*l - 64. Give f(-21).
41
Let o(f) = -f**3 - 5*f**2 - 2*f - 6. Calculate o(-4).
-14
Let f(d) = -5*d - 52. Give f(-10).
-2
Let k(t) = 10*t**3 - t**2 - 2*t - 1. Determine k(-1).
-10
Let w(d) = -2*d**2 + 22*d - 6. What is w(11)?
-6
Let y(z) = -3*z**2 - 30*z + 4. Calculate y(-11).
-29
Let h(z) = -z**2 + 13*z - 6. What is h(11)?
16
Let h(v) = 15*v**2 - v + 1. Determine h(2).
59
Let q(t) = 6*t - 3. Calculate q(3).
15
Let r(z) = -12*z + 36. Determine r(4).
-12
Let n(s) = -44*s + 283. Calculate n(6).
19
Let h(w) = -10*w - 119. Determine h(-10).
-19
Let m(j) = 3*j**2 - 3*j + 1. Give m(6).
91
Let p(r) = 2*r**3 - 9*r**2 - 20*r + 12. Give p(6).
0
Let k(s) = -3*s - 1. Determine k(-4).
11
Let d(s) = s**2 + 5. What is d(0)?
5
Let s(y) = -y**3 - 7*y**2 - 4*y - 24. What is s(-7)?
4
Let g(i) = 39*i**3 - 4*i**2 + 2*i + 1. Calculate g(1).
38
Let b(y) = -y**2 - 2*y - 10. Give b(0).
-10
Let t(g) = 7*g - 254. Calculate t(37).
5
Let q(h) = -h**3 + 15*h**2 - 13*h - 16. Give q(14).
-2
Let c(z) = -52*z - 102. Give c(-2).
2
Let h(i) = -i**3 - 6*i**2 - 3*i - 13. Calculate h(-6).
5
Let t(k) = -k**2 + 4*k + 4. What is t(4)?
4
Let h(k) = -k**3 + 11*k**2 + 11*k + 14. What is h(12)?
2
Let d(i) = i**3 + 2*i**2 - i - 1. Give d(-2).
1
Let a(s) = -s**2 - 13*s + 34. Give a(-14).
20
Let i(t) = 32*t**2 + t. Determine i(1).
33
Let x(q) = 15*q**3 - 1. Give x(1).
14
Let y(z) = 2*z**2 + 5*z + 5. What is y(-1)?
2
Let v(a) = -a**2 + 6*a + 6. Give v(8).
-10
Let s(t) = 15*t - 80. What is s(6)?
10
Let l(j) = 3*j + 11. Determine l(-